 6. What is the remainder when (-34 - -1 - (3 - 6))/(-2) is divided by p?
7
Suppose 8*o - 416 - 336 = 0. Calculate the remainder when o is divided by 19.
18
What is the remainder when 429 is divided by ((4 - 2)/2)/((-11)/(-396))?
33
Let v = -1803 - -1911. Let w(i) = 12*i - 2. Calculate the remainder when v is divided by w(2).
20
Let h(o) = -13*o - 7. Let t = -7 + 5. What is the remainder when 54 is divided by h(t)?
16
Let q(a) = -a**2 + 11*a - 2. Let k be q(11). What is the remainder when 190 is divided by (-2 + 2)/(k/(-1)) + 24?
22
Suppose 225 = 4*m - w, 3*m - 186 = -8*w + 3*w. Let p = 16 - 11. Suppose -p*j = -5*f + 37 - 152, -f = -3*j + 63. Calculate the remainder when m is divided by j.
17
Let q = -1 + 84. Calculate the remainder when 79 is divided by q/2 - 1/2.
38
Suppose 92*v + 9 = 93*v. Calculate the remainder when 58 is divided by v.
4
Let o = 310 - 270. Calculate the remainder when 78 is divided by o.
38
Suppose 2*p - 24 = -w, 2*w = 3*w - p - 27. Let d(z) = 4*z + 19. Calculate the remainder when d(21) is divided by w.
25
Let w = 1313 + -1010. What is the remainder when w is divided by 7?
2
Suppose -78 + 2 = -4*t. Calculate the remainder when t is divided by 19/95 - (-2 + 42/(-15)).
4
Suppose 4*v = -0*n + n - 4, 0 = 3*n - 12. Suppose 3*j + 22 - 82 = v. Calculate the remainder when 58 is divided by j.
18
Let g = -88 + 97. Let d(l) = -12*l - 2. Calculate the remainder when d(-3) is divided by g.
7
Suppose x + 3*w - 27 = -3, 2*w - 56 = -4*x. Let g be (x/(-10))/(8/80). Let f = 39 + g. Calculate the remainder when 106 is divided by f.
25
Suppose -230 = -g - 9*g. Suppose 0 = -5*n - 147 + 597. Calculate the remainder when n is divided by g.
21
Let k = 10 - 27. Let l be (4 - 3)/(-1)*k. Suppose 4*y = 41 - l. Calculate the remainder when y is divided by 4.
2
Suppose -98 = 295*s - 309*s. Let q = 0 - -3. Calculate the remainder when s is divided by q.
1
Let q = 3 + 2. Suppose 2*v + l - 37 = -6, -2*v - 2*l = -36. What is the remainder when (-3 + 0)/(q/(-40)) is divided by v?
11
Let m(y) = 5*y**2 - 6. What is the remainder when 194 is divided by m(-3)?
38
Let z(y) = y**3 + 6*y**2 + 3*y - 3. Suppose -71*v + 244 = -10*v. What is the remainder when z(-3) is divided by v?
3
Let o(r) = r**3 - 10*r**2 - 18*r - 49. Calculate the remainder when 156 is divided by o(12).
18
Calculate the remainder when 39 is divided by 10 - 6 - 1 - -12.
9
Let s = 25 - 25. Suppose -5*j - 11 = -2*a, s*a - a + 3*j + 4 = 0. Suppose 111 = 3*g - 0*g. Calculate the remainder when g is divided by a.
11
Suppose 0 = -j - 2*j - 6, w + 4*j - 17 = 0. Let a = w - 9. Calculate the remainder when 141 is divided by a.
13
Let q = -695 - -1172. Calculate the remainder when q is divided by 48.
45
Suppose 5*v = 5*o + 375, -v + 81 = -4*o + 9*o. What is the remainder when 296 is divided by v?
68
Let o(n) = -23*n + 14. Calculate the remainder when o(-3) is divided by 46.
37
Let y(h) = -h**3 + 8*h**2 - 5*h - 5. Let a be y(7). Let d = 3 + -7. Let u = a + d. Calculate the remainder when u is divided by 4.
1
Suppose -3*r = 5*c - 495, c = -3*r + 24 + 483. What is the remainder when 313 is divided by r?
143
Let r(j) = -j + 6. Let v be r(6). Suppose -l = 5*p - 5*l + 6, -4*p - 8 = -4*l. Suppose v = q - p*q + 20. Calculate the remainder when q is divided by 11.
9
What is the remainder when ((0 - -1)*-63)/((-5)/5) is divided by 50?
13
Let a = 43 + -27. Suppose -y - w + 362 = 74, -3*y + 856 = -w. Suppose -16*p + y = -5*p. Calculate the remainder when p is divided by a.
10
Let f = 9 + 169. Calculate the remainder when 7/(-56) + f/16 is divided by 4.
3
Let g(j) = -3*j - 6. Let r(t) = 2*t**2 + 49*t - 9. Calculate the remainder when r(-25) is divided by g(-4).
4
Let a(c) = c**2 - 5. Suppose 3*t + 5*k = 6, 3*t - 6 = k - 5*k. Suppose 4*b - 8 = 0, 0*r = t*r - 4*b. What is the remainder when 31 is divided by a(r)?
9
Suppose 3*m = -5*g + 57 + 105, 4*m - 95 = -3*g. Let v(q) = -1 + 0*q**2 + 17*q**3 + 0 + 2*q**2. Calculate the remainder when g is divided by v(1).
15
Suppose 9*k = 12*k. Calculate the remainder when 37 + (-3 - k) + 3 is divided by 13.
11
Suppose -72 = 4*k - 24. Calculate the remainder when -86*(-2)/(-6)*k/8 is divided by 16.
11
Let c = 16 + -18. Let n(q) = q**2 + 2*q + 2. Let t be n(c). What is the remainder when 19 is divided by t/9 - 129/(-27)?
4
Let s = 58 + -58. Let c be 8/(-2)*(-15)/12. Suppose 5*w + 220 = 4*b, s = 2*b - c*w - 74 - 46. Calculate the remainder when b is divided by 13.
11
Let r(k) = k**2 + 4*k + 6. Let y be r(-4). Suppose 3 - y = -z. What is the remainder when (1/2)/(z/174) is divided by 8?
5
Suppose -9*l - 19 = 8. Let b = 1 - l. What is the remainder when 5 is divided by b?
1
Let q = 82 - 144. Let b = q + 100. Calculate the remainder when b is divided by 17.
4
Let h(t) = -t**3 + 13*t**2 + 23. Calculate the remainder when h(12) is divided by 34.
31
Let z(g) = g**3 - 22*g**2 + 22*g - 20. Let s be z(21). Suppose 78 = 2*p - 4*f, 4*f - 152 - s = -5*p. Calculate the remainder when p is divided by 7.
5
Let g(i) be the third derivative of i**4/3 - i**3/3 - 11*i**2. Let q be g(1). What is the remainder when (2 - q)/((-2)/20) is divided by 22?
18
Suppose -4*f - x = -41, -11*f + 14*f - 3*x - 42 = 0. What is the remainder when 72 is divided by f?
6
What is the remainder when (-390)/1755 + 1282/18 is divided by 49?
22
Let o = -352 + 375. Calculate the remainder when o is divided by 12.
11
Let h(g) = 4*g - 30. Suppose 4*o - 106 = 18. What is the remainder when h(30) is divided by o?
28
What is the remainder when 97 is divided by (-2)/(4/14*5/(-10))?
13
What is the remainder when (-11844)/(-49) + (-2)/(-7) is divided by 27?
26
Let z(u) = 4*u**2 - u - 1. Let g be z(-1). Let f = 8 - g. Suppose -5*j + f = -16. What is the remainder when j is divided by 2?
0
Suppose -432 = 3*c - 4*c - 4*o, -c + 5*o + 414 = 0. Calculate the remainder when c is divided by 5.
4
Let v = -180 + 302. Let l(w) = 2*w**2 - 6*w - 2. Calculate the remainder when v is divided by l(5).
14
Let l = -368 - -502. What is the remainder when l is divided by 8?
6
Let c = -394 - -469. Calculate the remainder when c is divided by 65.
10
Suppose -4*o - 3*k = -145, 5*o + 2*k = -0*k + 190. Let c(p) = -p**3 - 5*p**2 + 5*p + 6. Calculate the remainder when c(-6) is divided by (1/(-2))/((-4)/o).
2
Suppose 33*z - 626 - 11716 = 0. What is the remainder when z is divided by 42?
38
Let y(q) = -41*q - 263. Calculate the remainder when y(-20) is divided by 28.
25
Let h(v) = 118*v + 8. Let d be h(4). Suppose -6*t = -10*t + d. Suppose -t = -10*m + 5*m. What is the remainder when 46 is divided by m?
22
Let t = 7 - 5. Suppose -16 - 20 = -t*s. Calculate the remainder when (-854)/(-26) + (-16)/(-104) + 2 is divided by s.
17
Let j = 1189 - 1154. What is the remainder when 1466 is divided by j?
31
Let k = 177 - 138. What is the remainder when k is divided by 14?
11
Suppose 3*l - 153 = -3*z, z + 315 = 4*l + 96. Calculate the remainder when l is divided by 31 + (-2 - 4) - 6.
16
Suppose 0 = -0*r - 5*r. Calculate the remainder when (0 + r)/2 + 56 is divided by (6/(-18))/((-8)/456).
18
Suppose -20*f + 1794 + 3566 = 0. Calculate the remainder when f is divided by 30.
28
Calculate the remainder when 2087 is divided by (-13)/(156/66)*-2.
8
Let x(f) = f**3 - 9*f**2 + 12*f - 20. Let t be x(8). Suppose -a - t = -3*a. Let n = 8 + -6. What is the remainder when a is divided by n?
0
Let t(b) = -b**2 + b + 32. Let u be t(-5). Let y be 1 + -1 + 90 + 0. Suppose -7*f + y = -u*f. Calculate the remainder when 34 is divided by f.
16
Suppose 4*f - 181 = -53. Suppose 2*o + 9 = -o. Let d = o + f. What is the remainder when d is divided by 15?
14
Suppose 178*z - 374*z = -177*z - 380. Let r = -14 + 27. What is the remainder when z is divided by r?
7
Let t(a) = 178*a - 541. What is the remainder when t(5) is divided by 24?
13
Let f(k) = -2*k**3 + 20*k**2 - 19*k + 9. Let q be f(9). Suppose 22*a - 26*a + 20 = q. What is the remainder when a is divided by (-2)/8 + 10/8?
0
Let d(a) = a**3 + a**2 + a - 1. Let f be d(0). Calculate the remainder when ((6 - -27) + -5)/(f + 3) is divided by 10.
4
Let j(a) = -a**2 - 80*a - 806. Calculate the remainder when 357 is divided by j(-12).
7
Let y = 78 - 17. What is the remainder when y is divided by 1664/(-520)*(-10 - 0)?
29
Let g(b) = 22*b + 153. Calc